lse
Is 4/5 + (-912)/(-10) a multiple of 4?
True
Let r be (3 - 6) + 2 - -3. Suppose 4*w + 2*t = 270, -3*w - 3*t = r*t - 220. Let b = 117 - w. Is b a multiple of 11?
False
Suppose 0 = -2*l - c + 12, l + 3*l = 2*c + 24. Let m(h) = 4*h**2 - 6*h - 12. Does 12 divide m(l)?
True
Suppose 0*p + 331 = g + p, 987 = 3*g + p. Let j = g + -170. Is j a multiple of 19?
False
Suppose -2*x = -0*x - 4, 27 = -3*u - 3*x. Let f(c) = -c**2 + 5*c + 6. Let g(w) = w**2 - 9*w - 11. Let s(b) = u*f(b) - 6*g(b). Is s(1) a multiple of 2?
True
Suppose -3*q + 2292 = 5*c, 2*c + q - 969 + 52 = 0. Is c a multiple of 27?
True
Let u(k) = -2*k**2 - 33*k - 39. Is u(-15) a multiple of 6?
True
Let t(n) = -96*n**3 - 2*n**2 + 2*n + 4. Is t(-1) a multiple of 3?
True
Let m = 72 + -124. Let k = -22 - m. Does 15 divide k?
True
Let d(a) = a**3 + 3*a**2 + a - 2. Let k be d(-2). Suppose 0*z + 2*z = 5*v + 76, -2*z - 5*v + 116 = k. Is 12 a factor of z?
True
Suppose -4*c - 3*z + z = -16, 4 = c + 3*z. Suppose 2*j = 3*x - 2*j - 131, 3*j - 183 = -c*x. Does 9 divide x?
True
Let t be (1 + (-35)/20)*4. Let f(u) = 8*u**2 + u + 3. Is 24 a factor of f(t)?
True
Let t(m) be the first derivative of m**3 - 4 - 3/2*m**2 - 4*m. Is t(-4) a multiple of 16?
False
Let h(i) = -2 - 2 - 3 + 4*i + i**2. Is 11 a factor of h(4)?
False
Let q(s) = -11 + 19 - 8*s - 5. Does 24 divide q(-6)?
False
Let g(z) = -86*z + 26. Let v be g(-7). Suppose -242 = -5*k + v. Is k a multiple of 29?
True
Let p(l) = 65*l**3 + 5*l**2 - 2*l - 9. Is p(3) a multiple of 85?
True
Let b(o) = -35*o**2 - 12*o - 11. Let p(m) = 12*m**2 + 4*m + 4. Let d(h) = -4*b(h) - 11*p(h). Does 12 divide d(-3)?
True
Suppose -3*q + 7*q = -564. Let r = q + 312. Is r a multiple of 23?
False
Let q(u) = -u + 7. Let b be q(5). Suppose -14 + 137 = b*x - a, a + 63 = x. Is x a multiple of 8?
False
Suppose -205 = -2*x + 5. Let h = 858 + -907. Let m = x + h. Is m a multiple of 24?
False
Suppose -b - 265 + 482 = 0. Is 31 a factor of b?
True
Suppose 0 = -10*u + 11*u. Let b = u + 0. Suppose -2*v - t + 119 = b, -2*v - 4*t = -72 - 44. Is v a multiple of 12?
True
Let z(c) = -c**2 + 7*c + 10. Let l be z(8). Let j be 4/(-14) + l/7. Does 24 divide j/(3 - 2) - -24?
True
Let a(q) be the second derivative of -q**3/3 - 3*q. Does 8 divide a(-16)?
True
Suppose -380*t + 2244 = -369*t. Is t a multiple of 43?
False
Let f(h) = 7*h**2 - 6*h + 5. Let o be f(3). Is (o/15 + 2)*9 a multiple of 12?
True
Let s be (-2)/(-6) + 3 + (-40)/12. Suppose s = 14*b - 12*b - 378. Is b a multiple of 31?
False
Let b = 3186 - 1924. Let a be b/18 + 4/(-36). Is a/8 - (-2)/8 a multiple of 3?
True
Suppose 24*b - 3499 - 1037 = 0. Is b a multiple of 4?
False
Let a(y) = -y**3 - 3*y**2 - 10 - 4*y**2 + y + 5*y**2. Let i(o) = o**3 + 3*o**2 - o + 9. Let b(k) = -2*a(k) - 3*i(k). Does 10 divide b(-6)?
False
Suppose 6*h - 60 = 4*h. Does 28 divide 2778/h + 4/10?
False
Let g(w) = 4*w**3 + w**2 + 7*w + 18. Is 30 a factor of g(6)?
True
Suppose 65*f = -15*f + 13920. Is f a multiple of 9?
False
Suppose -4*u + 5 = 3*j - 2, -u - 2 = 0. Suppose -j*m = -5*g - 240, -5*m + 0*g + g = -248. Is 9 a factor of m?
False
Let g be (-3)/((1 - -2)*2/948). Let d = -283 - g. Is d a multiple of 13?
False
Suppose -21*z + 28*z = 1729. Is z a multiple of 2?
False
Let c(i) = i**2 - 10*i + 14. Suppose 4*h - 15 = 3*t + 27, -3*h + 29 = -t. Let d be c(h). Suppose 0*v + 4*v = -d*n + 148, v - 3*n - 20 = 0. Does 8 divide v?
True
Let t(d) = -95*d + 363. Is t(-10) a multiple of 13?
True
Suppose p = 3*w - 0*w + 1387, 0 = -p - 4*w + 1408. Is p a multiple of 12?
False
Let t be 24/(3 + 1) + -1. Suppose -2*a + 246 = 2*r, 4*a + 463 = t*r - 197. Does 32 divide r?
True
Let p = 2970 + -2060. Does 10 divide p?
True
Suppose 0 = -0*m + 4*m - 3*u - 49, 2*u + 26 = 2*m. Let d = m - 10. Suppose 0 = -3*t - 5*y + 160, 3*t + y = -d*y + 164. Is 16 a factor of t?
False
Is 42/(-14)*2 + 2668/2 a multiple of 14?
False
Let b be 75/21 + ((-36)/(-21))/4. Is 47 a factor of (-1*1 + (-61 - b))*-3?
False
Does 13 divide ((-1)/3 + 1)*51255/10?
False
Let z(w) = 30*w**3 - 18*w**2 + 8. Is 10 a factor of z(4)?
True
Suppose -2*b - 9 = 31. Let y = 23 + b. Suppose -g = -3*s - y, 4*g + 14 - 58 = 4*s. Does 5 divide g?
True
Let w(v) = -14*v**2 - 96*v - 2. Is w(-3) a multiple of 16?
True
Suppose 0 = 2*t - 3*h - 127, -3*t - 19*h + 23*h = -190. Is t a multiple of 20?
False
Suppose -5*h + 3933 = 4*d, -20*h + 1968 = 2*d - 16*h. Is 35 a factor of d?
False
Suppose 3*i = -4*d + 522, 0*d - d + 122 = 5*i. Does 22 divide d?
True
Let p(i) = i**2 + 46 - i**3 - 3*i**3 + 5*i**3. Is p(0) a multiple of 13?
False
Let d(t) be the first derivative of t**4/4 + 7*t**3/3 - 3*t**2 - t - 23. Is 9 a factor of d(-6)?
False
Let x = 6862 - 3452. Is x a multiple of 11?
True
Let y = 559 + -387. Is y a multiple of 18?
False
Suppose -3*c - 4*q + 2224 = c, -2*q = -2*c + 1128. Does 16 divide c?
True
Let c = 2483 - 1558. Is 54 a factor of c?
False
Let p = 34 + 258. Is 6 a factor of p?
False
Suppose 0 = 2*i + 489 - 1497. Let q = -280 + i. Does 32 divide q?
True
Let x be 4 + -7 + -121 - -3. Let w = -18 - x. Is 24 a factor of w?
False
Suppose 2*k + 3*r + 3 = 0, -k - 3*r - 9 + 0 = 0. Suppose -k*l + 11*l = 235. Is l a multiple of 4?
False
Suppose s = -3*d + 24, -5*d - s + 26 = -16. Let g(p) = 3*p - 10. Let l(o) = 2*o - 5. Let y(k) = d*l(k) - 4*g(k). Does 11 divide y(14)?
False
Let q(p) = -2*p**2 + 13*p - 7. Suppose 0 = -0*a + a - 4*m - 17, 2*a + 5*m + 5 = 0. Let n be q(a). Suppose 10*o = n*o + 42. Does 5 divide o?
False
Suppose -5*y = 3*h + 475, 2*y = -5*h - 134 - 75. Suppose 0 = -2*i - 327 + 19. Let x = y - i. Is 14 a factor of x?
False
Suppose 3*o + w - 5309 = 415, o - 1908 = w. Is o a multiple of 9?
True
Let i(c) = -c**2 + 8*c + 6. Let j be i(8). Suppose -10 = -j*p + p. Suppose -x - p*x = -216. Is x a multiple of 21?
False
Is 49 a factor of (-118)/1239 - 27932/(-21)?
False
Suppose -y - 4*v + 4 = 3*y, -5*y - 2*v = -17. Suppose -y*d + 5*f + 220 = -0*d, -4*d + 178 = -5*f. Is 7 a factor of d?
True
Suppose -11 + 2 = 3*k. Let t(y) = y + 8. Let z be t(k). Suppose z*m + 0*m - 90 = 0. Does 6 divide m?
True
Let k(n) = -5*n**3 - 17*n**2 + 11*n - 5. Let h(r) = 2*r**3 + 8*r**2 - 5*r + 2. Let m(b) = 7*h(b) + 3*k(b). Is m(3) a multiple of 6?
False
Suppose -y = 2*v + v - 9, -3*y - 3 = -v. Let z be 2 - (151 + (v - 5)). Is 30 a factor of (-3)/(((-9)/z)/(-3))?
False
Let r = 12 + -6. Let x be 2 + 263/(-2 - -3). Suppose -r*i + x = -i. Is i a multiple of 11?
False
Suppose r = -k + 56, -2*k + 48 + 72 = -2*r. Is k a multiple of 5?
False
Is 16 a factor of 568*(-4 - (-57)/12)?
False
Suppose -6*v = 261 - 3825. Does 18 divide v?
True
Let v(b) be the third derivative of -b**2 + 1/12*b**4 - 5/6*b**3 + 1/60*b**5 + 0 + 0*b. Is v(7) a multiple of 19?
False
Suppose 2*s + 3*d = 2768, -22*s - 2*d + 2764 = -20*s. Does 13 divide s?
True
Suppose -4*b = -4*t + 2*t - 18, -2*t - 3 = b. Suppose -o - 4 = -b*q, 4*o + 3*q - 21 = 8. Is o a multiple of 3?
False
Let b = 22 + -128. Let o = -31 - b. Suppose -3*h + o = -4*s, 2*h + 4*s = -18 + 48. Is h a multiple of 7?
True
Let m = 279 + 34. Is m a multiple of 46?
False
Let b = -53 - -59. Let i(k) = 6*k - 24. Is i(b) a multiple of 4?
True
Let i be 32/6 + (-4 - (-44)/12). Suppose -4*a + i*n = -113, a - 7 = n + 20. Is 11 a factor of a?
True
Suppose 0 = 5*m + 2 - 2. Is (91 - 89)/(1/6 + m) even?
True
Let q = 181 + -103. Let h = q + 11. Is h a multiple of 13?
False
Let b(l) = 18*l - 66. Let t(u) = 2*u**2 + 59*u - 19. Let s be t(-30). Is b(s) a multiple of 37?
False
Let q(d) = d**3 + 36*d**2 - 45*d + 337. Is q(-37) a multiple of 49?
False
Suppose -20 = -5*p - 260. Suppose s + 2*s + 5*r = -281, 88 = -s + 4*r. Let a = p - s. Is 21 a factor of a?
False
Suppose 3*w - 94 = 2*i, 2*w - 223*i + 220*i = 61. Is w a multiple of 2?
True
Let f = 68 + 68. Is 13 a factor of f?
False
Let u(r) = 42*r**2 - 46*r + 359. Is u(6) a multiple of 29?
True
Let y(s) = 2*s - 4. Let i(l) = -3*l + 5. Let j(r) = -5*i(r) - 6*y(r). Let h = 13 + -9. Does 5 divide j(h)?
False
Suppose 0 = -3*u + 50 + 181. Let l = 115 - u. Is 29 a factor of l?
False
Suppose 3*w - 284 = -3*f - 2*w, -4*w + 392 = 4*f. Let k = f + -53. Suppose 25 = t - k. Is 25 a factor of t?
True
Suppose 10*r - 271 + 111 = 0. Is r a multiple of 8?
True
Suppose -88 = -9*m + 13*m. Let n = m - -22. Suppose 86 = 4*s - 2*o, n = 